{"id":2283,"date":"2022-10-26T16:50:12","date_gmt":"2022-10-26T19:50:12","guid":{"rendered":"https:\/\/ladc.sbc.org.br\/?page_id=2283"},"modified":"2024-12-30T14:07:57","modified_gmt":"2024-12-30T17:07:57","slug":"ladc-papers","status":"publish","type":"page","link":"https:\/\/ladc.sbc.org.br\/2024\/ladc-papers\/","title":{"rendered":"Accepted Papers"},"content":{"rendered":"\n<h2 class=\"wp-block-heading\">Accepted Papers<\/h2>\n\n\n\n<p>You can access the proceedings <a href=\"https:\/\/dl.acm.org\/doi\/proceedings\/10.1145\/3697090\" target=\"_blank\" rel=\"noreferrer noopener\">here!<\/a><\/p>\n\n\n\n<h3 class=\"wp-block-heading\" id=\"main-track\">Main Track<\/h3>\n\n\n\n<figure class=\"wp-block-table\"><table class=\"has-fixed-layout\"><tbody><tr><td class=\"has-text-align-left\" data-align=\"left\"><strong>Title<\/strong><\/td><td><strong>Authors (Affiliation)<\/strong><\/td><\/tr><tr><td class=\"has-text-align-left\" data-align=\"left\">nMatrix: A New Decoding Algorithm for the Matrix ECC<\/td><td>David Freitas&nbsp;(Instituto Federal de Educa\u00e7\u00e3o, Ci\u00eancia e Tecnologia do Cear\u00e1 &#8211; Brazil)<br>Lirida Alves de Barros Naviner&nbsp;(Telecom ParisTech &#8211; France)<br>Jo\u00e3o C\u00e9sar Moura Mota&nbsp;(Universidade Federal do Cear\u00e1 &#8211; Brazil)<br>Jarbas Silveira&nbsp;(Universidade Federal do Cear\u00e1 &#8211; Brazil)<br>C\u00e9sar Marcon&nbsp;(PUCRS &#8211; Brazil)<br>David Freitas Moura Mota&nbsp;(UFC &#8211; Brazil)<br>Alexandre Coelho&nbsp;(Universidade Federal do Cear\u00e1 \u2013 Brazil)<\/td><\/tr><tr><td class=\"has-text-align-left\" data-align=\"left\">Allocating ECC parity bits into BF16-encoded CNN parameters: A practical experience report<\/td><td>Joaquin Gracia-Moran&nbsp;(ITACA-UPV &#8211; Spain)<br>Juan Carlos Ruiz&nbsp;(Universitat Politecnica de Valencia &#8211; Spain)<br>David de Andres&nbsp;(Technical University of Valencia &#8211; Spain)<br>Luis-J. Saiz-Adalid&nbsp;(Instituto ITACA-Universitat Politecnica de Valencia &#8211; Spain)<\/td><\/tr><tr><td class=\"has-text-align-left\" data-align=\"left\">Adversary-Augmented Simulation to evaluate order-fairness on HyperLedger Fabric<\/td><td>Erwan Mahe&nbsp;(CEA List &#8211; France)<br>Sara Tucci-Piergiovanni&nbsp;(CEA Institut List &#8211; France)<\/td><\/tr><tr><td class=\"has-text-align-left\" data-align=\"left\">Deep-TEMPEST: Using Deep Learning to Eavesdrop on HDMI from its Unintended Electromagnetic Emanations<\/td><td>Santiago Fern\u00e1ndez&nbsp;(Facultad de Ingenier\u00eda, Universidad de la Rep\u00fablica &#8211; Uruguay)<br>Emilio Mart\u00ednez&nbsp;(Facultad de Ingenier\u00eda de la Universidad de la Rep\u00fablica &#8211; Uruguay)<br>Jorge Varela&nbsp;(Facultad de Ingenier\u00eda, UDELAR &#8211; Uruguay)<br>Pablo Mus\u00e9&nbsp;(IIE, Facultad de Ingenier\u00eda, Universidad de la Rep\u00fablica &#8211; Uruguay)<br>Federico Larroca&nbsp;(Facultad de Ingenier\u00eda, Universidad de la Rep\u00fablica &#8211; Uruguay)<\/td><\/tr><tr><td class=\"has-text-align-left\" data-align=\"left\">Generic Multicast<\/td><td>Jose Bolina&nbsp;(Federal University of Uberl\u00e2ndia &#8211; Brazil)<br>Pierre Sutra&nbsp;(T\u00e9l\u00e9com SudParis &#8211; France)<br>Douglas Antunes&nbsp;(Universidade Federal de Uberl\u00e2ndia &#8211; Brazil)<br>Lasaro Camargos&nbsp;(Federal University of Uberlandia &#8211; Brazil)<\/td><\/tr><tr><td class=\"has-text-align-left\" data-align=\"left\">Disaster-FD: A Failure Detector for Disaster-Prone Environments<\/td><td>Abadio de Paulo Silva&nbsp;(Aluno de Mestrado &#8211; Brazil)<br>Anubis Rossetto&nbsp;(Instituto Federal de Educa\u00e7\u00e3o Ci\u00eancia e Tecnologia Sul-rio-grandense Campus Passo Fundo &#8211; Brazil)<br>Pierre Sens&nbsp;(Laboratoire d&#8221;informatique de Paris 6 &#8211; France)<br>Luciana Arantes&nbsp;(Sorbonne Universit\u00e9 &#8211; France),<br>Rafael Pasquini&nbsp;(Federal University of Uberl\u00e2ndia (UFU) &#8211; Brazil)<br>Paulo Coelho&nbsp;(Universidade Federal de Uberl\u00e2ndia &#8211; Brazil)<\/td><\/tr><tr><td class=\"has-text-align-left\" data-align=\"left\">Modeling Availability in Softwarized MEC: Integrating a Fault Injection Tool for Effective Validation<\/td><td>Erick Nascimento&nbsp;(Federal University of Pernambuco &#8211; Brazil)<br>Eduardo Antonio Guimaraes Tavares&nbsp;(Federal University of Pernambuco &#8211; Brazil)<br>Jamilson Dantas&nbsp;(Universidade Federal de Pernambuco &#8211; Brazil)<br>Paulo Maciel&nbsp;(UFPE &#8211; Brazil)<\/td><\/tr><tr><td class=\"has-text-align-left\" data-align=\"left\">Supporting continuous vulnerability compliance through automated identity provisioning<\/td><td>Diego Gama&nbsp;(Universidade Federal de Campina Grande &#8211; Brazil)<br>Andrey Brito&nbsp;(Universidade Federal de Campina Grande &#8211; Brazil)<br>Andr\u00e9 Martin&nbsp;(TU Dresden &#8211; Germany)<br>Christof Fetzer&nbsp;(Technische Universit\u00e4t Dresden &#8211; Germany)<\/td><\/tr><tr><td class=\"has-text-align-left\" data-align=\"left\">Stochastic Petri Nets for Drone Surveillance: Modeling Availability and Reliability<\/td><td>Luan Lins&nbsp;(Universidade Federal de Pernambuco &#8211; Brazil)<br>Erick Nascimento&nbsp;(Federal University of Pernambuco &#8211; Brazil)<br>Jamilson Dantas&nbsp;(Universidade Federal de Pernambuco &#8211; Brazil)<br>Jean Araujo&nbsp;(Universidade de Aveiro &#8211; Portugal)<br>Paulo Maciel&nbsp;(UFPE &#8211; Brazil)<\/td><\/tr><tr><td class=\"has-text-align-left\" data-align=\"left\">Selecting Blockchain Consensus Algorithms Integrations for IoT-based Enviroments<\/td><td>Anderson de Morais&nbsp;(Universidade Federal de Pernambuco &#8211; Brazil)<br>Fernando Lins&nbsp;(Universidade Federal Rural de Pernambuco &#8211; Brazil)<br>Nelson Rosa&nbsp;(UFPE &#8211; Brazil)<\/td><\/tr><tr><td class=\"has-text-align-left\" data-align=\"left\">Using Vehicular Protection Mechanisms to Enable Fault-Aware Safety Verification of Autonomous Vehicles<\/td><td>Jos\u00e9 Luis Hoffmann&nbsp;(Federal University of Santa Catarina &#8211; Brazil)<br>Ant\u00f4nio Augusto Fr\u00f6hlich&nbsp;(UFSC &#8211; Brazil)<br>Marcus V\u00f6lp&nbsp;(SnT &#8211; Universit\u00e9 du Luxembourg &#8211; Luxembourg)<br>Paolo Milazzo&nbsp;(Department of Computer Science, University of Pisa &#8211; Italy)<\/td><\/tr><tr><td class=\"has-text-align-left\" data-align=\"left\">A Hierarchical Adaptive Leader Election Algorithm for Crash-Recovery Distributed Systems<\/td><td>Luiz Rodrigues&nbsp;(Universidade Estadual do Oeste do Paran\u00e1 (Unioeste) &#8211; Brazil)<br>Allan Freitas&nbsp;(IFBA &#8211; Brazil)<br>Elias Duarte Jr.&nbsp;(UFPR &#8211; Brazil)<br>Vinicius Fulber-Garcia&nbsp;(Federal University of Paran\u00e1 &#8211; Brazil)<\/td><\/tr><tr><td class=\"has-text-align-left\" data-align=\"left\">Mining Vulnerability and Code Repositories to Study Software~Security<\/td><td>Jo\u00e3o Rafael Henriques&nbsp;(University of Coimbra &#8211; Portugal)<br>Jos\u00e9 D&#8217;Abruzzo Pereira&nbsp;(University of Coimbra &#8211; Portugal)<br>Marco Vieira&nbsp;(University of Coimbra &#8211; Portugal)<\/td><\/tr><tr><td class=\"has-text-align-left\" data-align=\"left\">A Stochastic Petri Net-Based Approach for Evaluating the Performability of Internet of Medical Things<\/td><td>Thiago Bezerra&nbsp;(Universidade Federal de Pernambuco &#8211; Brazil)<br>Gustavo Callou&nbsp;(Federal Rural University of Pernambuco &#8211; Brazil)<br>Cleunio Fran\u00e7a&nbsp;(Federal University of Pernmbuco &#8211; Brazil)<br>Eduardo Antonio Guimaraes Tavares&nbsp;(Federal University of Pernambuco &#8211; Brazil)<\/td><\/tr><tr><td class=\"has-text-align-left\" data-align=\"left\">Availability and Performance Analysis of Cloud Services<\/td><td>Gustavo Callou&nbsp;(Federal Rural University of Pernambuco &#8211; Brazil)<br>Marco Vieira&nbsp;(University of North Carolina at Charlotte &#8211; USA)<\/td><\/tr><tr><td class=\"has-text-align-left\" data-align=\"left\">Extending State Machine Replication through Composition<\/td><td>Caroline Martins Alves&nbsp;(Federal University of Santa Catarina &#8211; Brazil)<br>Tha\u00eds Bardini Idalino&nbsp;(Universidade Federal de Santa Catarina &#8211; Brazil)<br>Odorico Mendizabal&nbsp;(Universidade Federal de Santa Catarina &#8211; Brazil)<\/td><\/tr><tr><td class=\"has-text-align-left\" data-align=\"left\">Automation of Security Controls for Continuous Compliance in Vulnerability Management<\/td><td>Raiff Silva&nbsp;(Universidade Federal de Campina Grande &#8211; Brazil)<br>Andrey Brito&nbsp;(Universidade Federal de Campina Grande &#8211; Brazil)<br>Jan Paulo de Lima Filho&nbsp;(Universidade Federal de Campina Grande &#8211; Brazil)<\/td><\/tr><tr><td class=\"has-text-align-left\" data-align=\"left\">IT-SPIRE: Improving the Resilience of the SPIFFE\/SPIRE Architecture with an Intrusion-Tolerant Server<\/td><td>Beatriz Reichert&nbsp;(UDESC &#8211; Brazil)<br>Rafael Obelheiro&nbsp;(UDESC &#8211; Brazil)<\/td><\/tr><tr><td class=\"has-text-align-left\" data-align=\"left\">How Context Impacts Vulnerability Severity? An Analysis of Product-Specific CVSS Scores<\/td><td>Lucas Coutinho&nbsp;(Universidade Federal do Rio de Janeiro \u2013 Brazil)<br>Lucas Miranda&nbsp;(Universidade Federal do Rio de Janeiro \u2013 Brazil)<br>Daniel Menasche&nbsp;(Universidade Federal do Rio de Janeiro \u2013 Brazil)<br>Srivastava Gaurav Kumar&nbsp;(Siemens Technology&nbsp;\u2013 USA)<br>Anton Kocheturov&nbsp;(Siemens Technology&nbsp; \u2013 USA)<br>Abhishek Ramchandran&nbsp;(Siemens Technology&nbsp; \u2013 USA)<br>Enrico Lovat&nbsp;(Siemens Technology \u2013 USA)<br>Tobias Limmer&nbsp;(Siemens)<\/td><\/tr><tr><td class=\"has-text-align-left\" data-align=\"left\">Multi-Platform and Vault-Free Attestation of Confidential VMs<\/td><td>Davi Pontes&nbsp;(UFCG &#8211; Brazil)<br>Fernando Silva&nbsp;(UFCG &#8211; Brazil)<br>Anderson Melo&nbsp;(Laborat\u00f3rio de Sistemas Distribu\u00eddos &#8211; Brazil)<br>Asm Asadujjaman&nbsp;(Laborat\u00f3rio de Sistemas Distribu\u00eddos &#8211; Bangladesh)<br>Eduardo Falc\u00e3o&nbsp;(Universidade Federal do Rio Grande do Norte &#8211; Brazil)<br>Andrey Brito&nbsp;(UFCG &#8211; Brazil)<br>Carlos Filho&nbsp;(Laborat\u00f3rio de Sistemas Distribu\u00eddos &#8211; Brazil)<\/td><\/tr><tr><td class=\"has-text-align-left\" data-align=\"left\">Risk Aggregation Using the Poisson Shot Noise Model: What is the Impact of the Window Size?<\/td><td>Miguel Angelo Bicudo&nbsp;(Universidade Federal do Rio de Janeiro &#8211; Brazil)<br>Daniel Menasche&nbsp;(Universidade Federal do Rio de Janeiro &#8211; Brazil)<\/td><\/tr><tr><td class=\"has-text-align-left\" data-align=\"left\">Practical Challenges and Pitfalls of Bluetooth Mesh Data Collection Experiments with ESP-32 Microcontrollers<\/td><td>Marcelo Paulon&nbsp;(Pontif\u00edcia Universidade Cat\u00f3lica do Rio de Janeiro (PUC-Rio) &#8211; Brazil)<br>Thiago Lamenza&nbsp;(Pontifical Catholic University of Rio de Janeiro (PUC-Rio) &#8211; Brazil)<br>Bruno Souza&nbsp;(PONTIF\u00cdCIA UNIVERSIDADE CAT\u00d3LICA DO RIO DE JANEIRO (PUC-RIO) &#8211; Brazil)<br>Markus Endler&nbsp;(PUC-Rio &#8211; Brazil)<\/td><\/tr><\/tbody><\/table><\/figure>\n\n\n\n<div style=\"height:100px\" aria-hidden=\"true\" class=\"wp-block-spacer\"><\/div>\n\n\n\n<h3 class=\"wp-block-heading\" id=\"fast-abstract\">Fast Abstract<\/h3>\n\n\n\n<figure class=\"wp-block-table\"><table class=\"has-fixed-layout\"><tbody><tr><td><strong>Title<\/strong><\/td><td><strong>Authors (Affiliation)<\/strong><\/td><\/tr><tr><td>MQTT-VET: Exploring MQTT Protocol Vulnerabilities<\/td><td>Ana Vitoria Freitas (SENAI &#8211; Brazil)<br>Silvio Romero de Araujo Junior (Centro Universit\u00e1rio FEI &#8211; Brazil)<br>Hebert Silva (UNICAMP &#8211; Brazil)<\/td><\/tr><tr><td>Reincarnation Daemon: improving dependability on Linux<\/td><td>Alexandre Ferreira (Insituto Federal de S\u00e3o Paulo &#8211; Brazil)<br>Caio Augusto Rodrigues dos Santos (Federal University of Uberlandia &#8211; Brazil)<br>Fabricio Guerra da Silva (Federal Institute of Sao Paulo &#8211; Brazil)<\/td><\/tr><tr><td>An Approach Toward Enhancing OT and IoT Security<\/td><td>Gustavo Almeida (SENAI S\u00e3o Paulo &#8211; Brazil)<br>Patrick Taraborelli (SENAI S\u00e3o Paulo &#8211; Brazil)<br>Hebert Silva (UNICAMP &#8211; Brazil)<\/td><\/tr><tr><td>Consent validation for personal data access control using ABAC<\/td><td>Maria Molina (Universidad de la Rep\u00fablica Oriental del Uruguay &#8211; Uruguay)<br>Gustavo Betarte (Facultad de Ingenier\u00eda, Universidad de la Rep\u00fablica &#8211; Uruguay)<br>Carlos Luna (Universidad de la Republica &#8211; Uruguay)<\/td><\/tr><\/tbody><\/table><\/figure>\n\n\n\n<div style=\"height:100px\" aria-hidden=\"true\" class=\"wp-block-spacer\"><\/div>\n\n\n\n<h2 class=\"wp-block-heading\" id=\"industry-track\">Industry Track<\/h2>\n\n\n\n<figure class=\"wp-block-table\"><table class=\"has-fixed-layout\"><tbody><tr><td><strong>Title<\/strong><\/td><td><strong>Authors (Affiliation)<\/strong><\/td><\/tr><tr><td>Post-Quantum Algorithms on ARM Trusted Execution Environment (TEE): findings of this industrial challenge<\/td><td>Ewerton Andrade (UNIR e SIDIA &#8211; Brazil)<br>Cristiano Goes (Sidia &#8211; Brazil)<br>Janislley Oliveira de Sousa (Sidia Instituto de Ci\u00eancia e Tecnologia &#8211; Brazil)<\/td><\/tr><tr><td>Impact of Data Anonymization in Machine Learning Models<\/td><td>Ivo Pimenta (Universidade Estadual do Cear\u00e1 &#8211; Brazil)<br>Douglas Silva (Universidade Estadual do Cear\u00e1 &#8211; Brazil)<br>Evellin Moura (Universidade Estadual do Cear\u00e1 (UECE) &#8211; Brazil)<br>Matheus Silveira (Uber &#8211; Brazil)<br>Rafael Lopes Gomes (Universidade Estadual do Cear\u00e1 (UECE) &#8211; Brazil)<\/td><\/tr><tr><td>Assessing Satellite Resilience: SPN and CTMC Models for Availability Evaluation<\/td><td>Esau Bermudez (Federal of Pernambuco University (UFPE) &#8211; Brazil)<br>Paulo Maciel (UFPE &#8211; Brazil)<\/td><\/tr><tr><td>A Flexible Framework for Evaluating Cyber Security Maturity and Risks in Electric Power Generation Organizations<\/td><td>Milton Vinicius Morais de Lima (CESAR &#8211; Centro de Estudos e Sistemas Avan\u00e7ados do Recife &#8211; Brazil)<br>Geraldo da Cruz J\u00fanior (Universidade Federal de Pernambuco &#8211; Brazil)<br>David Carlos da Cunha (UFPE &#8211; Brazil)<br>Jymmy Paul Souza Barreto (Universidade Federal de Pernambuco &#8211; Brazil)<\/td><\/tr><tr><td>Automated Severity Driven Patch Management<\/td><td>Miguel Angelo Bicudo (Universidade Federal do Rio de Janeiro &#8211; Brazil)<br>Carlos Eduardo Banjar (UFRJ &#8211; Brazil)<br>Daniel Menasche (Universidade Federal do Rio de Janeiro &#8211; Brazil)<br>Srivastava Gaurav Kumar (Siemens Corporation &#8211; USA)<br>Enrico Lovat (Siemens Technology)<br>Anton Kocheturov (Siemens Corporation)<br>Matheus Martins (Siemens &#8211; Portugal)<br>Leandro P. de Aguiar (UFMG &#8211; Brazil)<\/td><\/tr><tr><td>The Role of TCP Congestion Control in the Throughput Forecasting<\/td><td>Ariel Portela (Universidade Estadual do Cear\u00e1 (UECE) &#8211; Brazil)<br>Maria Melo Linhares (Universidade Estadual do Ceara (UECE) &#8211; Brazil)<br>Francisco Valderlan Jorge Nobre (Universidade Estadual do Cear\u00e1 (UECE) &#8211; Brazil)<br>Rafael Menezes (Universidade Estadual do Cear\u00e1 &#8211; Brazil)<br>Maria Mesquita (Universidade Estadual do Cear\u00e1 (UECE) &#8211; Brazil)<br>Rafael Lopes Gomes (Universidade Estadual do Cear\u00e1 (UECE) &#8211; Brazil)<\/td><\/tr><tr><td>Empirical observation of Execution Throttling as MQTT Broker defense against Memory Denial of Service Attacks<\/td><td>Matheus Torquato (Instituto Federal de Alagoas &#8211; Brazil)<br>Bruno Jesus (Universidade Federal de Alagoas &#8211; Brazil)<br>Francisco Airton Silva (Universidade Federal do Piau\u00ed &#8211; Brazil)<br>Eduardo Cerqueira (Universidade Federal do Par\u00e1 &#8211; UFPA &#8211; Brazil)<\/td><\/tr><\/tbody><\/table><\/figure>\n\n\n\n<div style=\"height:100px\" aria-hidden=\"true\" class=\"wp-block-spacer\"><\/div>\n\n\n\n<h3 class=\"wp-block-heading\" id=\"student-forum\">Student Forum<\/h3>\n\n\n\n<figure class=\"wp-block-table\"><table class=\"has-fixed-layout\"><tbody><tr><td><strong>Title<\/strong><\/td><td><strong>Authors (Affiliation)<\/strong><\/td><\/tr><tr><td>Stochastic Petri Net Models for Availability and Performance Evaluation of Nextcloud Service hosted in Apache Cloudstack<\/td><td>Wenderson Leonardo (Universidade Federal<br>Rural de Pernambuco &#8211; Brazil)<br>Gustavo Callou (Federal Rural University of Pernambuco &#8211; Brazil)<br>Thiago Bezerra (Universidade Federal de Pernambuco &#8211; Brazil)<\/td><\/tr><tr><td>Capturing the security expert knowledge in feature selection for web application attack detection<\/td><td>Amanda Riverol (Facultad de lngenier\u00eda, Universidad de la Rep\u00fablica &#8211; Uruguay)<br>Gustavo Betarte (Facultad de lngenier\u00eda, Universidad de la Rep\u00fablica &#8211; Uruguay)<br>Rodrigo Mart\u00ednez (Facultad de lngenier\u00eda, Universidad de la Rep\u00fablica &#8211; Uruguay)<br>Alvaro Pardo (Universidad Cat\u00f3lica dei Uruguay &#8211; Uruguay)<\/td><\/tr><tr><td>Comparison of Machine Learning Algorithms for Detecting Software Aging in SQL Server<\/td><td>Maria Gizele (Universidade Federal Rural de<br>Pernambuco &#8211; Brazil)<br>Rafael Jos\u00e9 Moura da Silva (Universidade Federal<br>Rural de Pernambuco &#8211; Brazil)<br>Fumio Machida (University of Tsukuba &#8211; Japan)<br>Ermeson Andrade (Universidade Federal Rural de Pernambuco &#8211; Brazil)<\/td><\/tr><tr><td>Assessment of Availability and Reliability of a Textile Manufacturing 4.0 Using Stochastic Models<\/td><td>Edson Silva (UFRPE &#8211; Federal Rural University of Pernambuco &#8211; Brazil)<br>Rafael Macieira (SENAI Pernambuco &#8211; Brazil),<br>Danilo Ara\u00fajo (Federal Rural University of Pernambuco &#8211; Brazil)<br>Ermeson Andrade (Universidade Federal Rural de Pernambuco &#8211; Brazil)<\/td><\/tr><\/tbody><\/table><\/figure>\n\n\n\n<p><\/p>\n","protected":false},"excerpt":{"rendered":"<p>Accepted Papers You can access the proceedings here! Main Track Title Authors (Affiliation) nMatrix: A New Decoding Algorithm for the Matrix ECC David Freitas&nbsp;(Instituto Federal de Educa\u00e7\u00e3o, Ci\u00eancia e Tecnologia do Cear\u00e1 &#8211; Brazil)Lirida Alves de Barros Naviner&nbsp;(Telecom ParisTech &#8211; France)Jo\u00e3o C\u00e9sar Moura Mota&nbsp;(Universidade Federal do Cear\u00e1 &#8211; Brazil)Jarbas Silveira&nbsp;(Universidade Federal do Cear\u00e1 &#8211; Brazil)C\u00e9sar [&hellip;]<\/p>\n","protected":false},"author":4,"featured_media":0,"parent":0,"menu_order":0,"comment_status":"closed","ping_status":"closed","template":"","meta":{"footnotes":""},"class_list":["post-2283","page","type-page","status-publish","hentry"],"_links":{"self":[{"href":"https:\/\/ladc.sbc.org.br\/2024\/wp-json\/wp\/v2\/pages\/2283","targetHints":{"allow":["GET"]}}],"collection":[{"href":"https:\/\/ladc.sbc.org.br\/2024\/wp-json\/wp\/v2\/pages"}],"about":[{"href":"https:\/\/ladc.sbc.org.br\/2024\/wp-json\/wp\/v2\/types\/page"}],"author":[{"embeddable":true,"href":"https:\/\/ladc.sbc.org.br\/2024\/wp-json\/wp\/v2\/users\/4"}],"replies":[{"embeddable":true,"href":"https:\/\/ladc.sbc.org.br\/2024\/wp-json\/wp\/v2\/comments?post=2283"}],"version-history":[{"count":69,"href":"https:\/\/ladc.sbc.org.br\/2024\/wp-json\/wp\/v2\/pages\/2283\/revisions"}],"predecessor-version":[{"id":4377,"href":"https:\/\/ladc.sbc.org.br\/2024\/wp-json\/wp\/v2\/pages\/2283\/revisions\/4377"}],"wp:attachment":[{"href":"https:\/\/ladc.sbc.org.br\/2024\/wp-json\/wp\/v2\/media?parent=2283"}],"curies":[{"name":"wp","href":"https:\/\/api.w.org\/{rel}","templated":true}]}}